{"id":21,"date":"2017-04-03T15:12:07","date_gmt":"2017-04-03T15:12:07","guid":{"rendered":"http:\/\/entrepreneurship.serayamaouche.net\/?page_id=21"},"modified":"2024-07-29T10:51:19","modified_gmt":"2024-07-29T10:51:19","slug":"womens-entrepreneurship","status":"publish","type":"page","link":"http:\/\/entrepreneurship.serayamaouche.info\/?page_id=21","title":{"rendered":"Women\u2019s entrepreneurship"},"content":{"rendered":"<ul>\n<li><a href=\"https:\/\/single-market-economy.ec.europa.eu\/smes\/learn-and-plan-entrepreneurship\/women-entrepreneurs_en\">EU Group for Women entrepreneurs<\/a><\/li>\n<li><a href=\"https:\/\/www.wegate.eu\/\">WEgate<\/a>, the Europe-wide online platform<\/li>\n<li class=\"r\"><a href=\"http:\/\/entreprenariat-feminin.com\/\">L&rsquo;Agence pour l&rsquo;entreprenariat f\u00e9minin<\/a><\/li>\n<li><a href=\"http:\/\/www.federationpionnieres.org\">F\u00e9d\u00e9ration Pionni\u00e8res<\/a><\/li>\n<li><a href=\"https:\/\/hellowilla.co\">Willa (Paris Pionni\u00e8res)<\/a><\/li>\n<li><a href=\"https:\/\/www.forcefemmes.com\">Force Femmes<\/a><\/li>\n<li><a href=\"https:\/\/www.actionelles.fr\/\">Action\u00b4elles<\/a><\/li>\n<li><a href=\"https:\/\/bpifrance-creation.fr\/elles-entreprennent\">Elles entreprenent (int\u00e9gr\u00e9 \u00e0 BpiFrance)<\/a><\/li>\n<li><a href=\"http:\/\/www.oecd.org\/mena\/investment\/menawbfdirectory.htm\">Directory of initiatives supporting women entrepreneurs in the Middle East and North Africa<\/a><\/li>\n<li><a href=\"http:\/\/www.womens-forum.com\">The Women\u00b4s Forum for the Economy and Society<\/a><\/li>\n<li><a href=\"http:\/\/network-womenup.com\">WoMen\u00b4Up<\/a><\/li>\n<\/ul>\n","protected":false},"excerpt":{"rendered":"<p>EU Group for Women entrepreneurs WEgate, the Europe-wide online platform L&rsquo;Agence pour l&rsquo;entreprenariat f\u00e9minin F\u00e9d\u00e9ration Pionni\u00e8res Willa (Paris Pionni\u00e8res) Force Femmes Action\u00b4elles Elles entreprenent (int\u00e9gr\u00e9 \u00e0 BpiFrance) Directory of initiatives supporting women entrepreneurs in the&#8230;<\/p>\n","protected":false},"author":1,"featured_media":0,"parent":0,"menu_order":0,"comment_status":"closed","ping_status":"closed","template":"","meta":{"footnotes":""},"class_list":["post-21","page","type-page","status-publish","hentry"],"_links":{"self":[{"href":"http:\/\/entrepreneurship.serayamaouche.info\/index.php?rest_route=\/wp\/v2\/pages\/21","targetHints":{"allow":["GET"]}}],"collection":[{"href":"http:\/\/entrepreneurship.serayamaouche.info\/index.php?rest_route=\/wp\/v2\/pages"}],"about":[{"href":"http:\/\/entrepreneurship.serayamaouche.info\/index.php?rest_route=\/wp\/v2\/types\/page"}],"author":[{"embeddable":true,"href":"http:\/\/entrepreneurship.serayamaouche.info\/index.php?rest_route=\/wp\/v2\/users\/1"}],"replies":[{"embeddable":true,"href":"http:\/\/entrepreneurship.serayamaouche.info\/index.php?rest_route=%2Fwp%2Fv2%2Fcomments&post=21"}],"version-history":[{"count":9,"href":"http:\/\/entrepreneurship.serayamaouche.info\/index.php?rest_route=\/wp\/v2\/pages\/21\/revisions"}],"predecessor-version":[{"id":253,"href":"http:\/\/entrepreneurship.serayamaouche.info\/index.php?rest_route=\/wp\/v2\/pages\/21\/revisions\/253"}],"wp:attachment":[{"href":"http:\/\/entrepreneurship.serayamaouche.info\/index.php?rest_route=%2Fwp%2Fv2%2Fmedia&parent=21"}],"curies":[{"name":"wp","href":"https:\/\/api.w.org\/{rel}","templated":true}]}}